5?
6
Calculate the remainder when 150 is divided by 2 + (-9)/3 + 18.
14
Let m(d) = d**3 + 4*d**2 - 4*d + 5. Let h be m(-5). Let p = 5 - 5. Suppose p = -h*z - z + 5. What is the remainder when z is divided by 3?
2
Suppose 3*m - m - 56 = 0. Calculate the remainder when m is divided by 15.
13
Calculate the remainder when 2 is divided by -5 + 6 + 0/(-1).
0
Suppose -5*d + 9 + 1 = 0. What is the remainder when d is divided by 1?
0
Let n = 0 - -2. Suppose 2*v - 10 = -4*z + 2, 6 = -2*v + n*z. Suppose 5*p + 3*x = 66, v = 2*p + p + 5*x - 46. Calculate the remainder when 23 is divided by p.
11
Let g = 78 - 27. Suppose 5*s - 129 = 4*j, 6*s - g = 4*s + j. What is the remainder when s is divided by 14?
11
Let u = -33 + 53. Let a(q) = -6*q + 3. What is the remainder when a(-6) is divided by u?
19
Let q = -26 - -40. What is the remainder when 54 is divided by q?
12
Let s(m) = m + 4. Let c = 16 - -23. What is the remainder when c is divided by s(6)?
9
Suppose 3*n - 4*g = n + 12, g + 1 = 0. Let u(r) = 3*r - 4. Let j = -42 - -65. What is the remainder when j is divided by u(n)?
7
Suppose 5*t - 135 = 2*t. Calculate the remainder when t is divided by 16.
13
Suppose 0 = 3*x - 4*h - 61, 0*h + 15 = 3*h. What is the remainder when x is divided by 6?
3
Let y be ((-1)/(-2) + -1)*-60. Suppose -4*s + 5 = -3*k, -3*s + s - 4*k = -y. What is the remainder when 14 is divided by s?
4
Suppose 20 = -4*i + a + 3, 0 = -3*i + 4*a - 3. Let p = i - -12. Calculate the remainder when 13 is divided by p.
6
Let g be (-6 + 1/(-1))/(-1). Suppose 2*f = g*f - 230. Calculate the remainder when f is divided by 16.
14
Let i(o) = o**3 - 5*o**2 + 7*o - 1. Let v(d) = d**2 - 13*d + 17. Let s be v(12). Calculate the remainder when i(s) is divided by 9.
7
Suppose -f = 2*f. What is the remainder when 39 is divided by (1 - -12) + 1 - f?
11
Let g be (-6)/((-1)/(-4)*1). Suppose -2*l - 42 = l. Let j = l - g. What is the remainder when 29 is divided by j?
9
Let o(t) = 4*t - 23. What is the remainder when (28 - 2) + 0/1 is divided by o(8)?
8
Suppose -2*d - 24 - 96 = 0. Let i = -36 - d. Calculate the remainder when i is divided by (2 - 5 - -2)*-13.
11
Suppose 4*n - 50 = 22. Let s be (-18)/(-4)*(-8)/(-12). Suppose -q = 2*w - 0*w - 73, 0 = s*q - 15. What is the remainder when w is divided by n?
16
Suppose w - 9 = -4*o - 0*w, -3*w = -3. Let s be -45 - (0 - (o + -2)). Calculate the remainder when s*1*4/(-10) is divided by 10.
8
Let j = -77 - -54. Let s = j - -37. What is the remainder when 39 is divided by s?
11
Let z(c) = c + 4. Let j(u) = -u**3 - 2*u**2 + 5*u + 5. Calculate the remainder when j(-4) is divided by z(5).
8
Let n(j) = -j**3 + 6*j**2 + j - 7. Let k be n(6). What is the remainder when 56 is divided by k + (-5)/(5/(-16))?
11
Suppose 2*t = -t + 15. Suppose -v = 5*i - 14, -i + t*v - 5 - 13 = 0. Let q = 405 + -400. What is the remainder when q is divided by i?
1
Suppose c - 38 = 15. Calculate the remainder when c is divided by 11.
9
Let r(q) = q**3 - 4*q**2 - 3*q + 3. Let x be r(4). Let z = x - -22. Calculate the remainder when 25 is divided by z.
12
Let h(s) = 3*s**2 - 10*s + 1. What is the remainder when h(8) is divided by 29?
26
Let v = -26 + 38. What is the remainder when 22 is divided by v?
10
Let w(i) = i**2 + 3*i + 4. Suppose -6*z + 5*z + 3 = 0. Calculate the remainder when w(z) is divided by 13.
9
Suppose -22 - 42 = -4*v. Calculate the remainder when 45 is divided by v.
13
Let q = 5 - 3. Suppose -5*p + 4*p + 35 = q*m, 13 = m - 4*p. Suppose 5*g = -20, 72 = 2*a - 0*a - 2*g. What is the remainder when a is divided by m?
15
Suppose 5*d - 99 = -29. Suppose -2 - 39 = -n. Calculate the remainder when n is divided by d.
13
Let c(b) = 23*b + 2. Let y(u) = -u**3 + 2*u**2 + 4*u - 1. Calculate the remainder when c(4) is divided by y(-3).
30
Suppose 5*n - 142 = -2*q, 2*n - 157 = 5*q - 483. Calculate the remainder when q is divided by 17.
15
Suppose 2*y - 4*w = 3*y - 22, -2*w + 88 = 4*y. Calculate the remainder when 42 is divided by y.
20
Let i(r) = -2 - 1 + 16*r + r**2 - 6*r**2 - r**3 - 20*r. What is the remainder when i(-5) is divided by 5?
2
Suppose 0 = -6*t + 4*t + 6. Suppose -2*i = -4, -d + t = -2*i + 2. Let z(c) = -5*c - 1. What is the remainder when z(-2) is divided by d?
4
Suppose -4*l = a - 142, -66 = -2*l + 2*a - 5*a. Let r = l - 20. Let b(i) = 3*i - 6. What is the remainder when r is divided by b(5)?
7
Let h(j) = 2*j**3 + 2*j - 1. Let g be h(1). Suppose 0 = -g*r + 2*r + 1. Calculate the remainder when ((-10)/(-14) - 1) + (-72)/(-56) is divided by r.
0
Let l(n) be the third derivative of -3*n**4/8 - 11*n**3/6 - n**2. What is the remainder when l(-10) is divided by 27?
25
Suppose 0 = -2*h - 0*h + 42. Suppose 39 - 3 = -4*k. What is the remainder when -1 + 126/(k/(-3)) is divided by h?
20
Suppose g = 4*g - 69. What is the remainder when 136 is divided by g?
21
Let o = 5 - 4. Suppose 6 - o = -5*l. What is the remainder when l*(-15 - 6/(-3)) is divided by 7?
6
Suppose -4*f + 141 = -3*g, -2*f - g + 3*g = -70. Calculate the remainder when 69 is divided by f.
33
Suppose 0 = 3*b - 60 + 33. What is the remainder when b is divided by 6?
3
Let u(d) = -d**2 - d + 29. Let o(r) = -3*r**2 - 3*r + 87. Let t(v) = -2*o(v) + 7*u(v). Let f = 10 - 0. What is the remainder when t(0) is divided by f?
9
Suppose 2*g - 19 = j - 80, 56 = -2*g + 2*j. Let w = g + 70. Suppose 4*b = -3*m + 47, -3*b - 19 = 3*m - 64. Calculate the remainder when w is divided by m.
11
Suppose 2*n - 5*x = 26, 0 = -x + 1 + 1. What is the remainder when 69 is divided by n?
15
Let n(t) = 3 - 5*t + 3 + 2*t. What is the remainder when 61 is divided by n(-5)?
19
Let i = 46 - -46. What is the remainder when i is divided by 19?
16
Let s(c) = c**3 - 2*c**2 - 2*c + 2. Let k be 2 + -1 - (1 + -3). Let w be s(k). Suppose 0 = -w*d + 15 + 10. What is the remainder when d is divided by 2?
1
Suppose 0*a = -a - 3*v, 3*a - 28 = 5*v. Calculate the remainder when (-9)/(1/(-2)*2) is divided by a.
3
Suppose 2*u - 11 = 23. Suppose -2*a = c - 0 - u, 5*a = -5*c + 85. What is the remainder when c is divided by 2/1 + (2 - -5)?
8
Calculate the remainder when 53 is divided by -1*(1 - -2) + 17.
11
What is the remainder when 80 is divided by -2 + (21/(-28) - (-175)/4)?
39
Let g(j) = -j**3 - 5*j**2 + 4*j - 8. Let p be g(-6). Suppose -y = -14 + p. What is the remainder when 27 is divided by y?
7
Let r = 7 - -8. Let f = -46 - -75. Calculate the remainder when f is divided by r.
14
Let f(t) = -t**3 + 13*t**2 - 12*t + 13. Let u be f(12). Let a = u - -2. What is the remainder when 74 is divided by a?
14
Suppose 3*m + 16 = 5*a, a - 2*m = 3*a. Let t(s) = -3*s**3 - 2 - s**2 + 4*s**3 - 1 + 2*s. Calculate the remainder when t(2) is divided by a.
1
What is the remainder when 11669/35 + (-2)/5 is divided by 42?
39
Suppose 3*d - 3*q = -120, 14 = -3*d + 4*q - 110. Calculate the remainder when (-106)/(-4) - d/(-24) is divided by 14.
11
Suppose 2*v - 6*v - 8 = 0, 6 = 4*c + 3*v. Let k = 7 - c. Suppose -2*r = -4*w - r + 16, -4*w = k*r - 16. Calculate the remainder when w is divided by 2.
0
Suppose -5*z + 7 = -2*z - j, -3*j - 16 = -4*z. Calculate the remainder when 1*(0 + z) - -13 is divided by 5.
4
Let v(m) = m**2 - 4*m + 6. Let i be v(4). Let d = 16 - i. Let u(w) = 2*w**2 - 2*w - 6. What is the remainder when d is divided by u(3)?
4
Let k(x) = -x**2 + 2. Let b be k(0). Suppose 4*w - 4*t - 32 = 0, -2*w + 34 = w + b*t. Calculate the remainder when 39 is divided by w.
9
Suppose -2*b = -3*b - 4, 0 = -2*q - 2*b + 62. Suppose 0 = 5*g - q. Let w(i) = -i**3 - 10*i**2 - 12*i - 9. What is the remainder when w(-9) is divided by g?
4
Let n be 1/(-3)*2*-3. Suppose -54 = -l + 5*j, 0 = 3*l - n*j + 55 - 152. Calculate the remainder when l is divided by 15.
14
Let l(d) = -5*d. Let t be l(-1). Suppose 0 = 2*c - 38 - 22. Calculate the remainder when c is divided by (-190)/(-25) + 2/t.
6
Let a = -14 - -8. Let x = a + 2. Let w(z) = z**2 - 4*z - 6. Calculate the remainder when w(x) is divided by 9.
8
Let d(l) = -2*l - 3. Let a(h) = h**3 + 6*h**2 - 4*h - 5. Let g be a(-6). Let p = 36 - g. What is the remainder when p is divided by d(-4)?
2
Let l = -84 + 118. Let h = l - 23. Suppose 8*n + 126 = 14*n. What is the remainder when n is divided by h?
10
Suppose 0 = -4*x + 5*q - 27 + 174, 3*x - 2*q - 112 = 0. Calculate the r